40. What is the remainder when l is divided by u?
6
Let q be 0 - (0 + -2) - 0. Suppose -q*d = -0*d - 14. Suppose -2*o + o + d = 0. What is the remainder when 27 is divided by o?
6
Let t(x) = x**3 + x + 28. Let b be t(0). Let z = -22 + b. What is the remainder when 28 is divided by z?
4
Suppose 36 = 3*k + 6. Let a be 2/10 + 228/k. Let w = 41 - a. What is the remainder when w is divided by 11?
7
Calculate the remainder when ((-20)/4 + 4)*1 + 97 is divided by 38.
20
Let u(y) = -7*y - 50. Let z be u(-23). Let v = z + -1. Calculate the remainder when v is divided by 38.
34
Calculate the remainder when 29 is divided by 42/(-6 + 13) + 1.
1
Let g(y) = -y + y**3 + 24*y**2 + 10 - 29*y**2 + y. Calculate the remainder when g(5) is divided by 6.
4
Let t(r) = 6*r + 95. Suppose -3*z + 84 = -p, 5*z = 5*p + 114 + 36. What is the remainder when t(-7) is divided by z?
26
Let b(z) = -5 + 2 + z + 2 - 4. Let u be b(11). What is the remainder when 42 is divided by (u/4)/(1/10)?
12
Suppose -2*y + 60 + 7 = o, -205 = -3*o - 2*y. What is the remainder when o is divided by 10?
9
Let u(l) = -l**2 + 8*l - 30. Let q be u(6). Let f = 0 - q. Suppose 2*s - 70 = s - 4*c, -25 = -s + 5*c. What is the remainder when s is divided by f?
14
Let m be (-1)/((-3)/(-1 - -7)). Suppose -q - x = -m, -2*q - 2*x - 3*x = 2. Let r(f) = -f**2 + 5*f + 1. What is the remainder when 14 is divided by r(q)?
4
Let g(l) = -l**3 + l**2 - 8. Let v be g(0). Calculate the remainder when -4 - (-10 - (0 + -3)) is divided by (2 - 0)/(v/(-4)).
0
Let d(c) = c**3 - 3*c**2 + c - 3. Let q be d(3). Suppose -3*v = -q*v - 30. Calculate the remainder when 38 is divided by 4/v*(0 - -20).
6
Suppose -38808 = -52*j + 23800. Calculate the remainder when j is divided by 17.
14
Let t = -2 - 1. Suppose 4*x - 2 + 4 = -2*g, -3*g + 15 = 0. What is the remainder when (t/(-4))/(x/(-60)) is divided by 8?
7
Suppose 4*d + 19*d = 2461. What is the remainder when d is divided by 11?
8
Let i = 323 - -115. What is the remainder when i is divided by 149?
140
Suppose -273 = 909*j - 916*j. What is the remainder when 138 is divided by j?
21
Let z = 42 + -40. Suppose -z*s + 66 = -0*s. Calculate the remainder when s is divided by 25.
8
Suppose -83 = -4*i + a, -a + 106 = i + 4*i. Suppose -5*r + 2*r + 27 = 0. Calculate the remainder when i is divided by r.
3
Let r = -107 + 181. Let n = r - 38. What is the remainder when n is divided by 21?
15
Suppose -5*b + 23 = -3*f, 4*b - 4*f = 3*b + 8. Let l(q) = q - 4. Let k be l(b). Let u(a) = -a**2 + 3. What is the remainder when 11 is divided by u(k)?
2
Let x = -246 - -57. What is the remainder when 1/(-5 + (-948)/x) is divided by 1/(-2) - 45/(-2)?
19
Calculate the remainder when 261 is divided by (60/8)/(18/216).
81
What is the remainder when 297 is divided by 291*(1 + (-20)/30)?
6
Let v(r) = 4*r + 1. Let z be v(7). Let c = -5 + z. What is the remainder when 45 is divided by c?
21
Let r be 1 + (-1 - 0) + 3. Let d(t) = -3*t**2 - 3*t - 2. Let n be d(r). Calculate the remainder when (1 - 3/2)*n is divided by 5.
4
Let i(k) = -k**3 + 5*k**2 - 6*k + 9. Let s(a) = -a**2 - 5*a + 5. What is the remainder when s(-5) is divided by i(4)?
0
Let b = 339 + -293. Calculate the remainder when b is divided by 12.
10
Let u(r) = -r - 16. Let g be u(-21). Suppose -28 = -g*w + w + 5*j, -4*j = 2*w - 40. Calculate the remainder when w is divided by 5.
2
Calculate the remainder when (1 - 2946/(-16)) + (-6)/48 is divided by 9.
5
Suppose -41*f = -43*f - 4. Calculate the remainder when f*(175/(-5) - -3) is divided by 23.
18
Let q = -15 + 37. Suppose -15*a - 151 + 301 = 0. What is the remainder when q is divided by a?
2
Let t(w) = -48*w - 6. Calculate the remainder when t(-2) is divided by 13.
12
What is the remainder when -5*3/(-15)*43 is divided by 11?
10
Let r = -2299 + 2352. Calculate the remainder when 226 is divided by r.
14
Let p = -551 + 571. What is the remainder when 817 is divided by p?
17
Suppose 0 = -12*y + 11*y + 5. Suppose 0 = y*q - 2*t - 0*t - 26, 3*t + 9 = 0. Calculate the remainder when 7 is divided by q.
3
Suppose 172 - 633 = -2*q - o, 5 = -5*o. Calculate the remainder when q is divided by 114.
3
Suppose -2*h = -37 - 45. Let k = 96 - h. Let y = 23 - -5. Calculate the remainder when k is divided by y.
27
Suppose 0 = 4*q - 253 + 81. Suppose -3*z + 0*d + q = 4*d, 4*d = -4*z + 56. Suppose 0 = -39*w - 197 + 470. Calculate the remainder when z is divided by w.
6
Suppose -3*p + p + 8 = 0. Suppose -3*a - 5*n + 12 = a, -p*a + 5*n - 28 = 0. Let q = 19 + a. What is the remainder when 67 is divided by q?
16
Let r = 333 + -313. Suppose g = -5*h + 37, 4*h - 2*g - 39 = -15. What is the remainder when r is divided by h?
6
Suppose -19*l - 81 = -2342. Calculate the remainder when l is divided by 22.
9
Let h(u) = -11*u - 183. Suppose 0 = 3*m + m. Calculate the remainder when (2 + -1)*(m - -10) is divided by h(-17).
2
Let n = -94 + 48. Let o = n - -82. Calculate the remainder when o is divided by 20.
16
Suppose 3*t = 2*t + 3. What is the remainder when (-3)/2*(-74)/t is divided by 50/4 - 1/(-2)?
11
Let a(o) = -o + 7. Let f be a(8). What is the remainder when (0 + (4 - 3))*(f - -149) is divided by 30?
28
Suppose -31*b = -17 - 169. Calculate the remainder when 24 is divided by b.
0
Suppose 3*j + 141 = 3*t, -49*j = 5*t - 47*j - 249. What is the remainder when t is divided by 5?
4
What is the remainder when 47 is divided by 28*48/(-72)*(-6)/8?
5
Suppose 0 = 139*a - 188*a + 2254. Suppose -5*x - 219 = -644. What is the remainder when x is divided by a?
39
Suppose -4*k - 4*l + 928 = -0*l, -4*l = 0. Suppose -k = 47*s - 51*s. What is the remainder when s is divided by 20?
18
Let r = -467 + 503. Calculate the remainder when r is divided by 13.
10
Let m = -1 + 66. Let l(u) = 7*u**3 - 2*u**2 - 2*u + 1. Let n be l(2). Suppose 3*v - n = 6. What is the remainder when m is divided by v?
14
Let h = 816 + -797. What is the remainder when 1*-5*(-279)/15 is divided by h?
17
Let h be (10/4)/((-2)/(-4)). Let n = -8 - h. Let g = -3 - n. Calculate the remainder when 27 is divided by g.
7
Let d = 1205 - 737. What is the remainder when d is divided by 59?
55
Let k = -13 + 54. Let d be (-2)/(-3) - 9/(-27). Suppose 4*y - d = 2*m - 29, 5*m - 70 = -4*y. Calculate the remainder when k is divided by m.
13
Let j(a) be the second derivative of -a**4/3 + a**3/2 + 9*a. Let i be j(3). Let b = i + 97. Calculate the remainder when b is divided by 24.
22
Suppose -3*t + 2*t - 3 = 0. Let h be ((0 - t) + 0)*1. Suppose h*z = -0*z + 9, u + z = 15. Calculate the remainder when 35 is divided by u.
11
Let d be 27/(-6)*(1 + 1). Let j = -7 - d. Calculate the remainder when (-2 + 13)/(j - 1) is divided by 4.
3
Let a = -27 + 10. Let w = -9 - a. Calculate the remainder when (-87)/(-27) + -3 - (-17)/((-765)/(-890)) is divided by w.
4
Suppose 12*v - 188 = -56. Calculate the remainder when 260 is divided by v.
7
Suppose 3*j + 186 = -228. Let v = -22 - j. Calculate the remainder when v is divided by 17.
14
Let s be 6/33 + -195*(-4)/66. Suppose s*t = 7*t + 180. Calculate the remainder when t is divided by 8.
4
Suppose -3*u + 31 + 68 = 3*z, 171 = 5*z + 3*u. What is the remainder when z is divided by 12?
0
Suppose 3*k + 3*c + c = 50, -3*c - 12 = 0. What is the remainder when 90 is divided by k?
2
Suppose x = -4*x + 50. Let j be ((-146)/(-4))/((-4)/(-8)). Let v = j - 44. Calculate the remainder when v is divided by x.
9
What is the remainder when 13*-2*(169/(-2))/13 is divided by 58?
53
Let o(i) = -i**2 - 14*i + 98. Calculate the remainder when o(-16) is divided by 38.
28
Suppose -j = -5*m + 420, -3*j = m - 6*m + 410. What is the remainder when m is divided by 45?
40
Suppose 6*v = 21*v - 135. Calculate the remainder when 565 is divided by v.
7
Let r = -768 + 795. Suppose 0 = 6*j - 5*j - 2. Suppose j*f - 28 = -2*f. Calculate the remainder when r is divided by f.
6
Let k = 158 + -47. Suppose 4*o - 97 + 5 = 0. Calculate the remainder when k is divided by o.
19
Calculate the remainder when 245 is divided by 15/105 - 1062/(-14).
17
Let g = -57 - -91. Let x = -19 + g. What is the remainder when 29 is divided by x?
14
Suppose 0 = 15*w + 2*w - 68. Calculate the remainder when 8 is divided by w.
0
Let w(k) = -k**2 - 2*k + 13. Let j be w(-4). Suppose 5*p - x - 50 = -6*x, j*p = -2*x + 62. Calculate 